ppose -4*h - 10 = -j - 28, 3*j + 2*h - a = 0. List the prime factors of j.
2
Suppose 8 = 5*n - 2. What are the prime factors of 10*(21/6 - n)?
3, 5
Let q = 9 - 11. List the prime factors of (1 - q) + 2 + -3.
2
Let r(g) = -g**3 + 8*g**2 + 13*g - 8. Suppose -4*i = 16, 0 = 3*x - 0*x + 3*i - 15. What are the prime factors of r(x)?
2, 7
Let s = 7 - -12. Suppose -2*i = j - 7*i - 11, i = -4*j - s. Let r = 10 + j. What are the prime factors of r?
2, 3
What are the prime factors of (85 - (-2 - -4)) + 4?
3, 29
Suppose -k - 4*t = -109 + 3, 110 = k + 5*t. List the prime factors of k.
2, 3, 5
Let x = -20 - -31. Let i = -3 - -2. What are the prime factors of x + -1 + -1 + i?
2
Suppose 0 = 3*w - 6*w. Suppose w = y + 3*y + 64. What are the prime factors of (1/(-1))/(4/y)?
2
Let v be (2 + 4)*(-4)/(-12). Suppose q - 4*y = -0*q - 8, v*q + 4*y = 20. List the prime factors of q.
2
Let j = 45 - 32. What are the prime factors of j?
13
Let m(p) be the second derivative of p**6/60 + p**4/6 - p**3/2 - 3*p**2/2 - 2*p. Let s(w) be the first derivative of m(w). List the prime factors of s(2).
3, 7
Suppose 0 = 5*y - 255 - 80. List the prime factors of y.
67
Let v(w) = w**3 + 17*w**2 + 30*w - 20. List the prime factors of v(-14).
2, 37
Suppose -n + 1 = -2. Suppose -n*w - 3*v = -21, 2*v = -v - 9. Let i = w + 5. What are the prime factors of i?
3, 5
Let s = 11 - -11. What are the prime factors of s?
2, 11
Suppose 4*j - 2*a - 8 + 4 = 0, 5*j - 5*a = -5. What are the prime factors of j?
3
Let h = 174 + -69. List the prime factors of h.
3, 5, 7
Let c(f) = -12*f + 17. List the prime factors of c(-15).
197
Let c(u) = -4*u. Suppose -3*v + 3 = k, 9*k - 4*k - v = -17. Let l be c(k). Suppose -5*x + 2 + 0 = -4*s, -3*x = 3*s - l. What are the prime factors of s?
2
Let c be -2 + 1 + -5 + 12. Suppose -3 = f, -2*d = -c*f + 5*f - 83. List the prime factors of d.
2, 5
Suppose 0 = -5*t + 3*z + 280, -63 = -2*t - z + 60. What are the prime factors of t?
59
List the prime factors of (-3)/(61/32 - 2).
2
Let n be (-5)/10 + 26/4. List the prime factors of (-4)/(-12) - (-40)/n.
7
Let c be ((-5)/(-15))/((-2)/(-24)). Suppose c*x = x - 3. Let t(l) = 4*l**2 - 1. What are the prime factors of t(x)?
3
Let y(v) = 2*v - 1. Let n be y(5). Suppose -4*w - 41 + 257 = 0. List the prime factors of (6/4)/(n/w).
3
Let m be 20/6 + (-2)/6. Let z be (-1)/(m + (-7 - -3)). What are the prime factors of 5 + -3 + 0 + z?
3
Let c = -198 - -329. Suppose 3*g = g - 4*r + 50, 4*r = -5*g + c. What are the prime factors of g?
3
Let n = 26 - 16. List the prime factors of 115/n + (-2)/(-4).
2, 3
List the prime factors of (-3)/4 + (1 - (-3186)/24).
7, 19
Let z = -7 + 4. Let d be (12/9)/((-2)/z). Suppose -d*y - 2*a = a - 16, a = -4*y + 12. What are the prime factors of y?
2
Let j(m) = 3*m**2 + m + 2. Let k be j(-5). Suppose 32 + k = 4*l. What are the prime factors of l?
2, 13
Let q(i) = -7*i**2 + i - 11. Let t(n) = 3*n**2 + 5. Let c(h) = 2*q(h) + 5*t(h). Let w be -3 + 2 + -1 + 0. List the prime factors of c(w).
3
Let g = -186 - -409. List the prime factors of g.
223
Suppose 3*y = 4*c + 6*y + 2, -4*y - 4 = 4*c. Let a be (c - (2 + 1)) + -4. Let s(u) = u**2 + 6*u + 4. List the prime factors of s(a).
2
Suppose -574 - 252 = -2*u. List the prime factors of u.
7, 59
Suppose 2*z = -2*w - z + 33, -2*w + z + 37 = 0. List the prime factors of w.
2, 3
Let p be (-5)/2*(-4)/5. Let w be 346/4 + p/4. Suppose 5*o = w - 12. What are the prime factors of o?
3, 5
Let h(p) = -p**2 - 14*p + 18. Let s be h(-15). Let g(a) = -2*a + 1. Let y be g(-3). Let c = y - s. List the prime factors of c.
2
Suppose 32 = 2*y - 3*w, 2*y - 40 = -0*y - w. List the prime factors of y.
19
Let s(i) = -i + 11. Let c be s(8). Suppose -q - 6 = -c*q. List the prime factors of ((-2)/q)/(2/(-21)).
7
Let q = -43 + -20. List the prime factors of (-1085)/q + (-2)/9.
17
Let r(y) be the third derivative of 1/2*y**3 + 1/24*y**4 + 0 - y**2 + 0*y. List the prime factors of r(7).
2, 5
Let t(h) = -2*h - 2. Let a = 8 - 13. What are the prime factors of t(a)?
2
Let r(y) = y**2 + 8*y + 1. Let h be r(-9). Let k = -24 + h. Let p = -4 - k. List the prime factors of p.
2, 5
Let q = 419 + -249. List the prime factors of q.
2, 5, 17
Let c(q) = -3*q**2 - 10*q + 12. Let x(p) = -p**2 + 1. Let g(d) = c(d) - 2*x(d). List the prime factors of g(-9).
19
Let y(n) = n**3 - 13*n**2 + 4*n + 12. What are the prime factors of y(13)?
2
Let u(b) = 2 - 1 - 1 - 2*b - 6. Let r be u(-4). Let z = 5 - r. List the prime factors of z.
3
Let f be (-14 + 84)*(-2)/(-5). List the prime factors of (-105)/f*(-1 + -11).
3, 5
Suppose -649 = -6*j - 91. List the prime factors of j.
3, 31
Suppose 0 = 5*m - 804 - 451. What are the prime factors of m?
251
Let w(l) = l + 9 + 4 - 5. What are the prime factors of w(10)?
2, 3
Let v(o) = 3*o - 11. Let p be v(4). What are the prime factors of (-2 + 1 + 3)*p?
2
Let g(b) = b**3 - 4*b**2 + 4*b - 2. Let v be g(3). What are the prime factors of 27/1 + v + -1?
3
Let a(s) = -s**2 + 3. Let g be a(0). Suppose -g*q = -2*q - 9. List the prime factors of q.
3
Let l(w) = -w**3 - 6*w**2 + 8*w + 5. Let d be l(-7). Let y = 15 + -25. What are the prime factors of 2/5*y/d?
2
Let k(u) = u**3 + 6*u**2 + u - 2. Let l be k(-4). List the prime factors of (l - 1) + -1 + 4.
2, 7
Suppose 73*b - 72*b - 108 = 0. What are the prime factors of b?
2, 3
Let f = -11 + 15. What are the prime factors of f?
2
Let l be 5/10 + 2/4. Suppose 30 = 5*c + 5*b, -c - l = 2*b - 9. What are the prime factors of c?
2
Suppose 0 = -2*c - 4*f - 10, 5*c - 2 - 33 = 2*f. Suppose -c*x + 7 + 8 = 0. What are the prime factors of x?
3
Suppose q - 4*k = -4*q + 37, -3*q = k - 29. Let p = q + 2. List the prime factors of p.
11
Suppose 18 = 6*f - 18. List the prime factors of f.
2, 3
What are the prime factors of (168/16)/((-2)/(-4))?
3, 7
Let o(z) = -z**2 - z + 29. Let a be o(0). Suppose a = 3*v + 8. Let n = 19 - v. What are the prime factors of n?
2, 3
Let l(a) = a**2 - a - 4. Let h be (-12)/(-54) - 25/(-9). Let u be l(h). Suppose u*f + f - 24 = 0. List the prime factors of f.
2
Let j = -53 - -38. Let w = -26 - j. List the prime factors of (w/2)/((-1)/2).
11
Let l be 2/(-4) - (-3)/6. Let b(y) = y**3 - y + 7. Let f be b(l). Let w(r) = r**3 - 6*r**2 - 5*r - 3. List the prime factors of w(f).
11
Let g be (-18)/4 - 1/(-2). Let c(t) = -t**3 - 2*t**2 + 4*t + 3. List the prime factors of c(g).
19
Let t = -8 + 8. Suppose n = -3 - 2, j + 2*n - 10 = t. List the prime factors of j.
2, 5
Let s be (-2)/2 - (-6)/(-1). Let i(y) = -y**3 - 7*y**2 - y + 3. What are the prime factors of i(s)?
2, 5
Let g(h) = 2*h**2 + 4*h + 3. List the prime factors of g(-5).
3, 11
Let p = -25 - -62. What are the prime factors of p?
37
Suppose -3*s - s = -680. What are the prime factors of s?
2, 5, 17
Let a = 18 + -11. Let m(f) = -f**2 + 7*f + 4. What are the prime factors of m(a)?
2
Let j(p) = -p**2 + 9*p - 8. Let z(v) = -v + 1. Let y(c) = j(c) - 6*z(c). What are the prime factors of y(11)?
2, 3, 5
Suppose -m + 9*m = 720. List the prime factors of m.
2, 3, 5
Let a = 382 - 268. List the prime factors of a.
2, 3, 19
Suppose 5*j - 4*j - 15 = 2*f, -3*f = 15. What are the prime factors of j?
5
Let z = 95 - 49. List the prime factors of z.
2, 23
Let l = 195 - 135. What are the prime factors of ((-48)/10)/((-18)/l)?
2
List the prime factors of (14/(-4))/(6/(-36)).
3, 7
Let n(l) = -l + 6. Let f be n(9). Let a = f - -5. List the prime factors of ((-36)/a)/(-2) - 2.
7
Let x(n) = 94*n**2. List the prime factors of x(1).
2, 47
Let o(l) = -l + 3. Let x be o(5). Let u(j) = -3*j**3 - j**2 + j + 1. List the prime factors of u(x).
19
Suppose 0 = -2*l - l - 3. Let r = 3 - l. Suppose -2*q = 5*h - 19, 0 = 4*q + h - 7 - r. What are the prime factors of q?
2
Let s be (-1)/3*(1 + -10). Let t be -4 + -1 + 3/s. Let a = t - -8. What are the prime factors of a?
2
Suppose -4*k + 0*b - 3*b + 253 = 0, 0 = 4*b + 20. What are the prime factors of k?
67
Let b(p) = -p**2 + 18*p - 11. List the prime factors of b(16).
3, 7
Let b be (5/((-20)/(-24)))/(-1). What are the prime factors of 414/27 - 4/b?
2
Suppose 3*y = -y - 12. Let f = 11 + y. List the prime factors of f.
2
Let w = -148 + 167. List the prime factors of w.
19
Suppose 5*q = -4*w + 19 + 12, 8 = 4*q - w. Let t = 6 - q. Suppose -z = t*z - 48. What are the prime